114 and 3648.
114
Calculate the highest common factor of 493 and 34.
17
What is the greatest common factor of 1060 and 20?
20
Calculate the greatest common factor of 480 and 168.
24
What is the highest common divisor of 115 and 23?
23
What is the greatest common divisor of 65 and 9815?
65
Calculate the greatest common divisor of 25 and 3400.
25
Calculate the highest common factor of 24 and 1308.
12
What is the greatest common divisor of 66 and 1254?
66
What is the greatest common divisor of 713 and 31?
31
What is the greatest common factor of 498 and 54?
6
Calculate the greatest common factor of 928 and 112.
16
Calculate the greatest common divisor of 64 and 176.
16
What is the highest common factor of 11 and 242?
11
Calculate the greatest common divisor of 318 and 336.
6
Calculate the highest common divisor of 14 and 294.
14
Calculate the highest common factor of 21 and 350.
7
What is the greatest common divisor of 480 and 3?
3
What is the greatest common divisor of 51 and 595?
17
What is the greatest common divisor of 320 and 576?
64
What is the highest common factor of 35 and 49?
7
What is the greatest common factor of 167 and 1?
1
What is the greatest common divisor of 65 and 325?
65
Calculate the highest common divisor of 646 and 136.
34
What is the highest common divisor of 1240 and 4805?
155
What is the highest common divisor of 33 and 517?
11
Calculate the greatest common divisor of 42 and 56.
14
What is the highest common factor of 32 and 1584?
16
What is the highest common factor of 55 and 275?
55
What is the greatest common divisor of 2324 and 84?
28
Calculate the highest common divisor of 28 and 536.
4
What is the greatest common divisor of 56 and 112?
56
What is the highest common factor of 110 and 33?
11
Calculate the greatest common factor of 58 and 435.
29
Calculate the greatest common divisor of 35 and 105.
35
What is the greatest common factor of 39 and 1755?
39
Calculate the highest common divisor of 71 and 781.
71
What is the highest common factor of 221 and 1859?
13
What is the highest common divisor of 30444 and 129?
129
Calculate the greatest common divisor of 912 and 168.
24
What is the greatest common factor of 1799 and 7?
7
Calculate the highest common factor of 63 and 28.
7
What is the highest common factor of 18 and 3006?
18
Calculate the greatest common divisor of 4356 and 264.
132
What is the greatest common divisor of 130 and 1950?
130
What is the highest common divisor of 4950 and 25?
25
Calculate the highest common divisor of 75 and 110.
5
Calculate the highest common factor of 750 and 1710.
30
Calculate the highest common factor of 22 and 2.
2
Calculate the highest common factor of 234 and 54.
18
What is the greatest common divisor of 20 and 14200?
20
What is the greatest common divisor of 1651 and 381?
127
Calculate the highest common factor of 23 and 17.
1
What is the greatest common factor of 34 and 527?
17
Calculate the highest common divisor of 135 and 2520.
45
Calculate the greatest common divisor of 119 and 187.
17
Calculate the greatest common factor of 1352 and 104.
104
Calculate the highest common factor of 38 and 2147.
19
Calculate the highest common factor of 352 and 297.
11
Calculate the highest common factor of 69 and 2553.
69
What is the greatest common factor of 83 and 14857?
83
What is the highest common factor of 53 and 11?
1
Calculate the highest common divisor of 861 and 42.
21
What is the highest common factor of 10016 and 160?
32
What is the highest common divisor of 18 and 9726?
6
What is the highest common divisor of 1270 and 6604?
254
Calculate the highest common factor of 7866 and 54.
18
Calculate the highest common factor of 338 and 26.
26
What is the greatest common factor of 41 and 2993?
41
What is the highest common divisor of 290 and 3625?
145
What is the highest common divisor of 66726 and 198?
198
Calculate the greatest common divisor of 58 and 56318.
58
What is the greatest common factor of 984 and 24?
24
What is the greatest common factor of 18 and 369?
9
Calculate the greatest common divisor of 8451 and 108.
27
Calculate the greatest common divisor of 23 and 253.
23
What is the greatest common factor of 1126 and 16?
2
Calculate the greatest common divisor of 344 and 88.
8
What is the highest common factor of 63 and 27?
9
Calculate the greatest common factor of 7 and 18305.
7
What is the greatest common divisor of 16 and 128?
16
Calculate the highest common factor of 404 and 12.
4
What is the highest common factor of 35 and 315?
35
What is the highest common divisor of 4 and 1236?
4
Calculate the highest common factor of 975 and 39.
39
Calculate the highest common divisor of 874 and 3306.
38
What is the greatest common divisor of 168 and 525?
21
Calculate the highest common factor of 33 and 3201.
33
What is the greatest common divisor of 3625 and 25?
25
Calculate the greatest common divisor of 392 and 2401.
49
Calculate the highest common factor of 1143 and 27.
9
Calculate the greatest common factor of 403 and 13.
13
What is the greatest common divisor of 152 and 16?
8
Calculate the greatest common factor of 162 and 378.
54
What is the highest common factor of 65 and 32305?
65
Calculate the highest common divisor of 276 and 2553.
69
Calculate the highest common divisor of 510 and 30.
30
Calculate the greatest common factor of 12 and 384.
12
What is the greatest common divisor of 848 and 2650?
106
What is the greatest common divisor of 10642 and 102?
34
What is the greatest common divisor of 114 and 30?
6
Calculate the greatest common factor of 57 and 437.
19
Calculate the highest common divisor of 12 and 4764.
12
What is the highest common factor of 525 and 1134?
21
Calculate the greatest common divisor of 1596 and 105.
21
What is the greatest common divisor of 57 and 1672?
19
Calculate the greatest common divisor of 45 and 4005.
45
What is the greatest common factor of 3854 and 41?
41
Calculate the greatest common divisor of 552 and 6840.
24
Calculate the highest common divisor of 82 and 287.
41
Calculate the highest common divisor of 28521 and 18.
9
Calculate the greatest common divisor of 25728 and 192.
192
What is the greatest common factor of 81 and 648?
81
What is the highest common divisor of 29211 and 13?
13
Calculate the highest common factor of 34 and 663.
17
Calculate the greatest common factor of 92 and 644.
92
What is the highest common divisor of 476 and 56?
28
What is the highest common divisor of 120 and 408?
24
Calculate the highest common factor of 140 and 60.
20
What is the greatest common divisor of 171 and 551?
19
Calculate the greatest common divisor of 2144 and 201.
67
What is the greatest common factor of 990 and 90?
90
Calculate the highest common factor of 88 and 616.
88
What is the greatest common factor of 22 and 517?
11
Calculate the highest common divisor of 148 and 37.
37
Calculate the greatest common divisor of 6439 and 685.
137
Calculate the highest common divisor of 8 and 1496.
8
Calculate the highest common divisor of 678 and 354.
6
What is the greatest common divisor of 16420 and 100?
20
What is the greatest common divisor of 300 and 1700?
100
What is the greatest common factor of 132 and 2508?
132
Calculate the highest common divisor of 350 and 140.
70
Calculate the greatest common divisor of 350 and 1190.
70
Calculate the greatest common factor of 88 and 55.
11
Calculate the greatest common factor of 35 and 515.
5
Calculate the highest common divisor of 10 and 14330.
10
Calculate the greatest common divisor of 11039 and 133.
133
What is the highest common divisor of 611 and 376?
47
Calculate the greatest common factor of 124 and 2852.
124
Calculate the highest common factor of 27066 and 156.
78
What is the greatest common divisor of 55 and 814?
11
Calculate the greatest common divisor of 17 and 6817.
17
What is the highest common divisor of 400 and 275?
25
Calculate the highest common factor of 2261 and 119.
119
Calculate the highest common factor of 40 and 2.
2
What is the greatest common divisor of 1467 and 9?
9
What is the greatest common factor of 186 and 6?
6
Calculate the highest common divisor of 608 and 8.
8
Calculate the greatest common divisor of 20 and 610.
10
What is the greatest common factor of 27 and 396?
9
What is the